t is the hundreds digit of 1374?
3
What is the units digit of 3009?
9
What is the thousands digit of 1340?
1
What is the hundreds digit of 2177?
1
What is the thousands digit of 1449?
1
What is the hundreds digit of 1414?
4
What is the units digit of 4159?
9
What is the tens digit of 438?
3
What is the ten thousands digit of 64455?
6
What is the tens digit of 83?
8
What is the ten thousands digit of 11518?
1
What is the thousands digit of 7737?
7
What is the thousands digit of 1021?
1
What is the ten thousands digit of 14826?
1
What is the thousands digit of 27019?
7
What is the units digit of 8146?
6
What is the thousands digit of 50380?
0
What is the thousands digit of 56085?
6
What is the thousands digit of 19321?
9
What is the tens digit of 2171?
7
What is the units digit of 233?
3
What is the tens digit of 1297?
9
What is the hundreds digit of 12070?
0
What is the units digit of 396?
6
What is the tens digit of 49234?
3
What is the tens digit of 16521?
2
What is the tens digit of 752?
5
What is the units digit of 998?
8
What is the tens digit of 46664?
6
What is the tens digit of 40158?
5
What is the ten thousands digit of 15090?
1
What is the hundreds digit of 43508?
5
What is the tens digit of 301?
0
What is the thousands digit of 6560?
6
What is the units digit of 78?
8
What is the thousands digit of 3293?
3
What is the units digit of 132?
2
What is the hundreds digit of 854?
8
What is the hundreds digit of 3261?
2
What is the ten thousands digit of 43969?
4
What is the hundreds digit of 16133?
1
What is the hundreds digit of 2067?
0
What is the thousands digit of 13005?
3
What is the tens digit of 113142?
4
What is the units digit of 1890?
0
What is the tens digit of 6963?
6
What is the hundreds digit of 20202?
2
What is the ten thousands digit of 46971?
4
What is the tens digit of 8595?
9
What is the tens digit of 4888?
8
What is the thousands digit of 7679?
7
What is the units digit of 30939?
9
What is the units digit of 627?
7
What is the tens digit of 517?
1
What is the hundreds digit of 151?
1
What is the thousands digit of 22093?
2
What is the tens digit of 60028?
2
What is the tens digit of 833?
3
What is the tens digit of 2240?
4
What is the units digit of 797?
7
What is the thousands digit of 1807?
1
What is the hundreds digit of 5063?
0
What is the hundreds digit of 153?
1
What is the hundreds digit of 12853?
8
What is the tens digit of 59968?
6
What is the thousands digit of 2693?
2
What is the tens digit of 2429?
2
What is the ten thousands digit of 79674?
7
What is the thousands digit of 53470?
3
What is the units digit of 17564?
4
What is the thousands digit of 17327?
7
What is the hundreds digit of 17737?
7
What is the tens digit of 43828?
2
What is the hundreds digit of 3521?
5
What is the tens digit of 117579?
7
What is the tens digit of 947?
4
What is the hundreds digit of 30553?
5
What is the hundreds digit of 2130?
1
What is the units digit of 58809?
9
What is the thousands digit of 12404?
2
What is the ten thousands digit of 86866?
8
What is the tens digit of 1699?
9
What is the thousands digit of 5453?
5
What is the tens digit of 2820?
2
What is the hundreds digit of 20439?
4
What is the tens digit of 595?
9
What is the ten thousands digit of 14700?
1
What is the ten thousands digit of 23824?
2
What is the units digit of 1763?
3
What is the thousands digit of 4662?
4
What is the hundred thousands digit of 133253?
1
What is the tens digit of 866?
6
What is the hundreds digit of 29656?
6
What is the units digit of 27229?
9
What is the hundreds digit of 12152?
1
What is the tens digit of 2081?
8
What is the units digit of 8263?
3
What is the units digit of 751?
1
What is the units digit of 3640?
0
What is the tens digit of 1234?
3
What is the thousands digit of 17799?
7
What is the hundreds digit of 120234?
2
What is the thousands digit of 9715?
9
What is the hundreds digit of 617?
6
What is the hundreds digit of 3521?
5
What is the ten thousands digit of 16910?
1
What is the thousands digit of 3215?
3
What is the hundreds digit of 9138?
1
What is the units digit of 44?
4
What is the thousands digit of 2807?
2
What is the tens digit of 7561?
6
What is the hundreds digit of 1022?
0
What is the thousands digit of 21024?
1
What is the thousands digit of 2478?
2
What is the units digit of 1060?
0
What is the tens digit of 32809?
0
What is the hundreds digit of 3854?
8
What is the units digit of 10894?
4
What is the units digit of 71627?
7
What is the thousands digit of 1523?
1
What is the units digit of 19295?
5
What is the tens digit of 4917?
1
What is the tens digit of 46817?
1
What is the hundreds digit of 2969?
9
What is the units digit of 3569?
9
What is the thousands digit of 125277?
5
What is the hundreds digit of 25359?
3
What is the thousands digit of 10757?
0
What is the units digit of 8777?
7
What is the ten thousands digit of 41353?
4
What is the tens digit of 28923?
2
What is the units digit of 19852?
2
What is the tens digit of 75?
7
What is the thousands digit of 14931?
4
What is the hundred thousands digit of 163528?
1
What is the hundreds digit of 3154?
1
What is the tens digit of 993?
9
What is the tens digit of 1029?
2
What is the thousands digit of 2856?
2
What is the hundred thousands digit of 208824?
2
What is the units digit of 91000?
0
What is the hundreds digit of 445?
4
What is the units digit of 49425?
5
What is the thousands digit of 24640?
4
What is the hundreds digit of 6535?
5
What is the tens digit of 31461?
6
What is the hundreds digit of 2386?
3
What is the tens digit of 894?
9
What is the hundreds digit of 1094?
0
What is the tens digit of 28302?
0
What is the thousands digit of 48849?
8
What is the units digit of 2115?
5
What is the units digit of 835?
5
What is the hundreds digit of 2210?
2
What is the ten thousands digit of 33870?
3
What is the units digit of 737?
7
What is the tens digit of 30411?
1
What is the thousands digit of 2739?
2
What is the tens digit of 11137?
3
What is the hundreds digit of 30141?
1
What is the hundreds digit of 15334?
3
What is the units digit of 410?
0
What is the tens digit of 107?
0
What is the thousands digit of 108614?
8
What is the thousands digit of 117178?
7
What is the hundreds digit of 144?
1
What is the units digit of 29932?
2
What is the thousands digit of 7650?
7
What is the units digit of 4978?
8
What is the units digit of 938?
8
What is the hundreds digit of 7461?
4
What is the hundreds digit of 1475?
4
What is the thousands digit of 10100?
0
What is the units digit of 15261?
1
What is the hundreds digit of 5426?
4
What is the hundreds digit of 14535?
5
What is the ten thousands digit of 10474?
1
What is the hundreds digit of 1296?
2
What is the hundreds digit of 3499?
4
What is the hundreds digit of 211?
2
What is the tens digit of 108?
0
What is the ten thousands digit of 10303?
1
What is the units digit of 2?
2
What is the hundreds digit of 1445?
4
What is the hundreds digit of 249?
2
What is the tens digit of 4131?
3
What is the units digit of 1512?
2
What is the tens digit of 3157?
5
What is the hundreds digit of 12087?
0
What is the thousands digit of 2880?
2
What is the thousands digit of 1133?
1
What is the tens digit of 37303?
0
What is the thousands digit of 4666?
4
What is the thousands digit of 45343?
5
What is the tens digit of 5693?
9
What is the tens digit of 946?
4
What is the hundreds digit of 1168?
1
What is the thousands digit of 5715?
5
What is the units digit of 144496?
6
What is the hundreds digit of 3763?
7
What is the thousands digit of 1357?
1
What is the units digit of 840?
0
What is the units digit of 370?
0
What is the ten thousands digit of 72068?
7
What is the hundreds digit of 88075?
0
What is the units digit of 27863?
3
What is the thousands digit of 19179?
9
What is the tens digit of 5286?
8
What is the tens digit of 1732?
3
What is the thousands digit of 3177?
3
What is the hundreds digit of 25979?
9
What is the thousands digit of 3046?
3
What is the tens digit of 36066?
6
What is the units digit of 3090?
0
What is the hundreds digit of 6227?
2
What is the ten thousands digit of 11009?
1
What is the thousands digit of 4466?
4
What is the tens digit of 1558?
5
What is the hundreds digit of 3237?
2
Wha